{"id":13,"date":"2012-11-26T19:55:42","date_gmt":"2012-11-26T19:55:42","guid":{"rendered":"http:\/\/solidaridadnegra.wordpress.com\/?page_id=13"},"modified":"2012-11-26T19:55:42","modified_gmt":"2012-11-26T19:55:42","slug":"others-languages","status":"publish","type":"page","link":"https:\/\/solidaridadnegra.noblogs.org\/?page_id=13","title":{"rendered":"Other Languages"},"content":{"rendered":"<p><strong>Damos las gracias a lxs compa\u00f1erxs de <a href=\"http:\/\/contrainfo.espiv.net\/\" target=\"_blank\">Contrainfo<\/a>, quienes han traducido la mayor\u00eda de estos textos a las diferentes lenguas, permitiendo superar en la pr\u00e1ctica las fronteras que nos imponen los Estados.<\/strong><\/p>\n<p>EN<\/p>\n<p>1 \u2013 <a href=\"http:\/\/solidaridadnegra.wordpress.com\/2012\/11\/02\/en-1-communique-by-henry-zegarrundo-who-is-being-held-in-pretrial-detention-in-san-pedro-prison-2\/\" target=\"_blank\">Communiqu\u00e9 by Henry Zegarrundo, who is being held in pretrial detention in San Pedro prison.<\/a><\/p>\n<p>2 \u2013 <a href=\"http:\/\/solidaridadnegra.wordpress.com\/2012\/11\/02\/en-2-letter-of-comrade-henry-zegarrundo-from-the-prison-of-san-pedro-2\/\" target=\"_blank\">Letter of comrade Henry Zegarrundo from the prison of San Pedro<\/a><\/p>\n<p>FR<\/p>\n<p>1 \u2013 <a href=\"http:\/\/solidaridadnegra.wordpress.com\/2012\/11\/02\/fr-1-communique-dhenry-zegarrundo-depuis-la-prison-de-san-pedro-2\/\" target=\"_blank\">Communiqu\u00e9 d\u2019Henry Zegarrundo depuis la prison de San Pedro<\/a><\/p>\n<p>2 \u2013 <a href=\"http:\/\/solidaridadnegra.wordpress.com\/2012\/11\/02\/fr-2-lettre-du-compagnon-henry-zegarrundo-depuis-la-prison-de-san-pedro-2\/\" target=\"_blank\">Lettre du compagnon Henry Zegarrundo depuis la prison de San\u00a0Pedro<\/a><\/p>\n<p>IT<\/p>\n<p>1 \u2013 <a href=\"http:\/\/solidaridadnegra.wordpress.com\/2012\/11\/02\/it-1-comunicato-da-henry-zegarrundo-che-viene-tenuto-in-detenzione-preventiva-nel-carcere-di-san-pedro-2\/\" target=\"_blank\">Comunicato da Henry Zegarrundo, che viene tenuto in detenzione preventiva nel carcere di San Pedro<\/a><\/p>\n<p>2 \u2013 <a href=\"http:\/\/solidaridadnegra.wordpress.com\/2012\/11\/02\/it-2-lettera-del-compagno-henry-zegarrundo-dalla-prigione-di-san-pedro-2\/\" target=\"_blank\">Lettera del compagno Henry Zegarrundo dalla prigione di San Pedro<\/a><\/p>\n<p>DE<\/p>\n<p>1 \u2013 <a href=\"http:\/\/solidaridadnegra.wordpress.com\/2012\/11\/02\/de-1-kommunique-von-henry-zegarrundo-der-in-u-haft-im-knast-san-pedro-sitzt\/\" target=\"_blank\">Kommuniqu\u00e9 von Henry Zegarrundo, der in U-Haft im Knast San Pedro sitzt.<\/a><\/p>\n","protected":false},"excerpt":{"rendered":"<p>Damos las gracias a lxs compa\u00f1erxs de Contrainfo, quienes han traducido la mayor\u00eda de estos textos a las diferentes lenguas, permitiendo superar en la pr\u00e1ctica las fronteras que nos imponen los Estados. EN 1 \u2013 Communiqu\u00e9 by Henry Zegarrundo, who is being held in pretrial detention in San Pedro prison. 2 \u2013 Letter of comrade [&hellip;]<\/p>\n","protected":false},"author":6322,"featured_media":0,"parent":0,"menu_order":0,"comment_status":"open","ping_status":"open","template":"","meta":{"footnotes":""},"class_list":["post-13","page","type-page","status-publish","hentry"],"_links":{"self":[{"href":"https:\/\/solidaridadnegra.noblogs.org\/index.php?rest_route=\/wp\/v2\/pages\/13","targetHints":{"allow":["GET"]}}],"collection":[{"href":"https:\/\/solidaridadnegra.noblogs.org\/index.php?rest_route=\/wp\/v2\/pages"}],"about":[{"href":"https:\/\/solidaridadnegra.noblogs.org\/index.php?rest_route=\/wp\/v2\/types\/page"}],"author":[{"embeddable":true,"href":"https:\/\/solidaridadnegra.noblogs.org\/index.php?rest_route=\/wp\/v2\/users\/6322"}],"replies":[{"embeddable":true,"href":"https:\/\/solidaridadnegra.noblogs.org\/index.php?rest_route=%2Fwp%2Fv2%2Fcomments&post=13"}],"version-history":[{"count":1,"href":"https:\/\/solidaridadnegra.noblogs.org\/index.php?rest_route=\/wp\/v2\/pages\/13\/revisions"}],"predecessor-version":[{"id":330,"href":"https:\/\/solidaridadnegra.noblogs.org\/index.php?rest_route=\/wp\/v2\/pages\/13\/revisions\/330"}],"wp:attachment":[{"href":"https:\/\/solidaridadnegra.noblogs.org\/index.php?rest_route=%2Fwp%2Fv2%2Fmedia&parent=13"}],"curies":[{"name":"wp","href":"https:\/\/api.w.org\/{rel}","templated":true}]}}